ose b + 759 = 2*b + 4*f, 4*b = -4*f + 3084. What is the hundreds digit of b?
7
Suppose -13 = -5*j + n, 4*j - 14 = 3*n - 8. Let y(x) = 3*x**2 + 2*x + 3. Let a be y(-3). Suppose 5*r - a = j*r. What is the units digit of r?
2
Suppose 0 = -232*j + 222*j + 18480. What is the tens digit of j?
4
What is the hundreds digit of 17055/24 - 60/(-160)?
7
Let c be (-77)/(-22)*(-8)/(-14). Suppose -c*n = n - 192. What is the tens digit of n?
6
Let s(z) = 4*z**3 - 6*z + 6. Suppose 21*m = 20*m + 4. Let f be s(m). Let g = f + -167. What is the units digit of g?
1
Suppose 0 = -14*v + 9*v + 585. What is the hundreds digit of -2 + v + -4 + 1?
1
What is the hundreds digit of -7*4/(-28)*1256/2?
6
Suppose -13 - 33 = -2*y. Let m be 9*-2*2/4*2. Let d = y + m. What is the units digit of d?
5
Suppose -3879 = -5*n + i, -3*n + 9*i = 6*i - 2325. What is the tens digit of n?
7
Let b(k) = -k + 4. Let t be b(-6). Let z = t + 1. What is the tens digit of z?
1
Let b(i) = -i + 51 - 2*i - 33 + 71. What is the units digit of b(0)?
9
Suppose 18*g - 32856 - 2730 = 0. What is the units digit of g?
7
Let w(s) = s - 3. Let a be w(-8). Let x = a - -16. Suppose x*i = 26 + 29. What is the tens digit of i?
1
Suppose -5*g + 14 = -6. Suppose 0*w = -g*w. Suppose -2*t = -z - 13, -t - t - z + 3 = w. What is the units digit of t?
4
Suppose 2*y + 849 + 893 = 3*t, 5*t - 4*y - 2904 = 0. What is the units digit of t?
0
Let i(z) = 131*z + 6. What is the tens digit of i(3)?
9
Let l = -17 + 19. Let s be ((-4)/3)/(l/3). What is the units digit of (91 - s)*9/27?
1
Let g = 30 - 42. Let w = -9 - g. Suppose -w*o - 1 = -4*z - 8, z = 2*o - 8. What is the units digit of o?
5
Let n be 23898/105 - 4/(-10). Suppose x + 49 = n. What is the tens digit of x?
7
Let l(c) = -6*c - 3*c + c**2 - 2 + 4*c**2 + 3*c. What is the units digit of l(3)?
5
Let c = -4 - -15. Suppose c*p - 4 = 12*p. Let b = p - -27. What is the tens digit of b?
2
Suppose -5 = 3*k + q - 2, q = 0. Let h(w) = -w**3 + 5*w**2 + 2*w - 6. Let t be h(-5). What is the units digit of t/12 + k/(-2)?
0
Let o(i) = i**3 - 3*i**2 - i + 3. Let f be o(3). Let l(d) = f - 8*d**2 - 4*d**3 + 9*d + 5*d**3 + 9. What is the tens digit of l(7)?
2
Let y(f) = f**2 - 6*f + 3. Let v be y(6). Suppose -77*u + 82*u - 15 = 0. Suppose 0 = v*q + 15, 0 = -5*d + u*q - q + 215. What is the tens digit of d?
4
What is the hundreds digit of 3 + 1847 + (-1)/1?
8
Let i be (15 - 0)*32/(-24). Let s be (-1)/(1*4/i). Suppose 0 = -s*v - k + 82, -k - 30 = -0*v - 2*v. What is the units digit of v?
6
Let x = 172 - 22. What is the units digit of x?
0
What is the units digit of (-140)/(-6)*73530/903?
0
Let g be (-12)/(23/(345/(-10))). Let o(w) be the third derivative of w**4/8 - 11*w**3/2 + w**2. What is the units digit of o(g)?
1
Let u = 0 + 0. Suppose 272 = -u*s + 4*s. What is the tens digit of s?
6
Suppose -3*a + 35 = 5. Let x(d) = -5*d**3 + 32*d**2 + a*d + 4*d**3 + 27 - 42*d**2. What is the tens digit of x(-11)?
3
Suppose 2*w + 3*n = 50, 13*n = 14*n - 2. What is the units digit of w?
2
What is the units digit of 100*6/(-4)*(-1363)/174?
5
Let c(a) = -a**3 - 12*a**2 + 14*a + 15. Let r be c(-13). Let p(q) = 24*q**2 + 4*q - 4. Let g be p(r). Suppose w - 3*w = -g. What is the tens digit of w?
5
Suppose 29*k = 24*k + 15. What is the tens digit of (49/3)/(((-7)/k)/(-7))?
4
Suppose 0 = 5*n - 1743 - 87. Suppose -n = 3*k - 6*k. What is the tens digit of k?
2
Suppose 227*n - 229*n + 1514 = 0. What is the hundreds digit of n?
7
Suppose 27 = 4*p - 17. Let w = p + -8. What is the units digit of ((-18)/(-4))/(w/18)?
7
Suppose -2*l + 2*a = -116, 0 = 4*l - a - 235 + 12. Suppose -4*w + l + 61 = 0. What is the units digit of w?
9
Let c = 381 + -93. Suppose 3*t = 2*i + 267, -3*i = -3*t - 8*i + c. What is the units digit of t?
1
Suppose 118 = t - 137. Suppose t - 1035 = -13*j. What is the tens digit of j?
6
Let k be 1 + -2 - (-12 - -6). Suppose -k*r = -l - 2*r + 108, 5*r - 216 = -2*l. What is the units digit of l?
8
Let z(y) = y**3 - 7*y**2 + 5*y + 7. Let b be z(6). What is the tens digit of (b - (-888)/9) + 6/(-9)?
9
Suppose 8 - 28 = -4*m. Suppose 2*p - m*p = -210. Suppose 5*s = p + 45. What is the tens digit of s?
2
Let f(h) = -h**2 - 28*h - 22. Let n be f(-11). Let u = n + -94. What is the units digit of u?
1
Let l = -12 - -17. Let s be l - 4 - 1*8. What is the tens digit of 42/(s/((-21)/6))?
2
Let d(g) = -4*g**2 - 136*g + 31. What is the units digit of d(-31)?
3
Suppose 5*u + 70 = -2*p, 2*u + 11 = 3. Let f = 34 - p. What is the units digit of f?
9
Suppose 5*t - 4 = 366. Suppose -3*n + t = -2*p - 39, 5*n - 186 = p. Let j = 62 - n. What is the tens digit of j?
2
Let g(j) = 22*j + 1269. What is the units digit of g(0)?
9
Let o(y) = 5*y**2 + y - 1. Let u be o(1). Let c(i) = -i**2 + 7*i - 7. Let g be c(u). Suppose g*j = 7 + 20. What is the units digit of j?
9
Suppose 2*z - 2*u = 1900, 32*u = -5*z + 33*u + 4754. What is the tens digit of z?
5
Let j(n) be the third derivative of -n**4/24 + 5*n**3/6 - 5*n**2. Let r be j(3). Suppose 3*l - 82 = -r*t + 80, -270 = -5*l + 4*t. What is the units digit of l?
4
Suppose -9 = 5*j - 59. Let d be 16/10 + 4/j. Suppose v + d = 26. What is the tens digit of v?
2
Suppose 8*v - 16*v = -1496. What is the units digit of v?
7
Suppose -x - 1 + 6 = 0. Suppose -x*g = -3*b + 207, 102 - 41 = b + g. What is the tens digit of b?
6
Let g(j) = 303*j**3 - j. Let n be g(-1). Suppose 3*s - 2*s = 5, -4*f - 2*s - 30 = 0. What is the tens digit of n/(-18) + f/(-45)?
1
Let o(a) = 11*a + 26. Let m(y) = 10*y + 26. Let j(g) = -6*m(g) + 5*o(g). What is the units digit of j(-6)?
4
Let m = -7 + 27. Suppose 4*b + 308 = 2*k + m, 4*k - 4*b = 596. What is the units digit of k?
4
Suppose -110 - 10 = 2*h. Let l = -129 - h. Let s = -34 - l. What is the units digit of s?
5
Suppose -3*w - 1 = -7. Suppose 3*h - 89 = -o - 2*h, 4*h = w*o - 164. Suppose 4*j = o + 20. What is the units digit of j?
6
What is the tens digit of (34 + -2440)*((-7)/3 - -1)?
0
Let t be (0 - 0)/((-3)/(-1)). Let v(h) = -2*h**2 - 2*h + 149. What is the hundreds digit of v(t)?
1
Suppose t + 3*f + 1 = -5, 4*f = -3*t - 8. Suppose -3*i = -i - 34. Suppose 0*a - a + i = t. What is the units digit of a?
7
Let y(c) = 85*c + 143. What is the hundreds digit of y(7)?
7
Suppose 122 - 41 = 9*b. Let j = 69 + b. What is the units digit of j?
8
Let d = 46 + -44. What is the units digit of d/3 - 1084/(-12)?
1
Suppose 9*i = 11726 - 3329. What is the units digit of i?
3
Suppose a + 3 = 11. Suppose 0 = -s - 5 + 2. What is the units digit of s*a/(-12) + 34?
6
Suppose -4*j + 3430 = -5*d + 3*d, 3*j - 2573 = d. What is the tens digit of j?
5
Suppose -k - 25*x = -29*x - 3534, -2*x = 6. What is the units digit of k?
2
Suppose 26*u = 62*u - 87840. What is the hundreds digit of u?
4
Suppose 15 = 5*c - 0*c. Suppose 0*s + 18 = c*s. Let z = s + 0. What is the units digit of z?
6
Let c = 33 + -27. Suppose 10*i = c*i. Suppose i*t - 2*t = -4*b + 90, -4*t = 2*b - 70. What is the tens digit of b?
2
Let h = 50 + 305. What is the hundreds digit of h?
3
Let n(b) = b**2 + 6*b + 11. Let d be n(-2). Suppose -d*y + 615 = 2*g, g - 209 = -y - g. What is the units digit of y?
3
Let h(x) = 18*x**2 - x - 48. What is the units digit of h(11)?
9
What is the tens digit of (-194103)/(-52) - (-3)/12?
3
Let m = -223 + 307. What is the tens digit of m?
8
Let w(i) = i**2 - 5*i - 5. Let m be w(-4). Suppose 0 = 4*y + 2*y - 54. Let f = m + y. What is the tens digit of f?
4
Let b = 2336 - 186. What is the units digit of b?
0
Let k(i) = 293*i**2 - 4*i + 1. Let l be k(1). Suppose 2*g = -72 + l. What is the units digit of g?
9
Let s(j) = -2*j + 22. Let a be s(7). Suppose -a*p = -11*p + 606. What is the tens digit of p?
0
Suppose -4*h + 10834 = 5*o + 1775, 0 = -4*h + 4*o + 9068. What is the thousands digit of h?
2
Let m = -2 - -9. Suppose 61 = -6*z + m*z. Suppose 0 = 5*r + a - z, 8*r = 3*r + a + 59. What is the units digit of r?
2
What is the thousands digit of (-84)/(-21)*9092/16?
2
Suppose -4 = 4*a, 2*a + 31 - 1 = 4*p. Let i be (-8)/28 - (-324)/p. Let b = i - 21. What is the units digit of b?
5
Suppose 0 = t - 6*t - 1470. Let j = t - -462. Suppose -i = 3*i - j. What is the tens digit of i?
4
Let g = 11014 + -7206. What is the hundreds digit of g?
8
Let s be 2/5 + 24/15. Suppose -s*k + 137 = -371. What is the 